{"id":733,"date":"2018-12-11T07:30:10","date_gmt":"2018-12-11T07:30:10","guid":{"rendered":"http:\/\/keskipalokankoulu.net\/ops\/?page_id=733"},"modified":"2018-12-11T07:41:32","modified_gmt":"2018-12-11T07:41:32","slug":"turvallisuus-viihtyminen-ja-opiskelun-esteeton-sujuminen","status":"publish","type":"page","link":"https:\/\/keskipalokankoulu.net\/ops\/turvallisuus-viihtyminen-ja-opiskelun-esteeton-sujuminen\/","title":{"rendered":"Turvallisuus, viihtyminen ja opiskelun esteet\u00f6n sujuminen"},"content":{"rendered":"\n<p>Jyv\u00e4skyl\u00e4n kaupungin j\u00e4rjestyss\u00e4\u00e4nn\u00f6t jakavat otsikon seuraaviksi teemoiksi:<\/p>\n\n\n\n<p><a href=\"http:\/\/keskipalokankoulu.net\/ops\/kayttaytyminen\/\">Hyv\u00e4 k\u00e4yt\u00f6s<\/a><\/p>\n\n\n\n<p><a href=\"http:\/\/keskipalokankoulu.net\/ops\/seuraamukset-saantojen-rikkomisesta\/\">Koulurauha ja kurinpito<\/a><\/p>\n\n\n\n<p><a href=\"http:\/\/keskipalokankoulu.net\/ops\/koulualue\/\">Koulualue<\/a><\/p>\n\n\n\n<p><a href=\"http:\/\/keskipalokankoulu.net\/ops\/koulumatka\/\">Koulumatka<\/a><\/p>\n\n\n\n<p><a href=\"http:\/\/keskipalokankoulu.net\/ops\/mobiililaitteet\/\">Mobiililaitteiden k\u00e4ytt\u00f6<\/a><\/p>\n","protected":false},"excerpt":{"rendered":"<p>Jyv\u00e4skyl\u00e4n kaupungin j\u00e4rjestyss\u00e4\u00e4nn\u00f6t jakavat otsikon seuraaviksi teemoiksi: Hyv\u00e4 k\u00e4yt\u00f6s Koulurauha ja kurinpito Koulualue Koulumatka Mobiililaitteiden k\u00e4ytt\u00f6<\/p>\n","protected":false},"author":2,"featured_media":0,"parent":0,"menu_order":0,"comment_status":"closed","ping_status":"closed","template":"","meta":{"footnotes":""},"class_list":["post-733","page","type-page","status-publish","hentry"],"_links":{"self":[{"href":"https:\/\/keskipalokankoulu.net\/ops\/wp-json\/wp\/v2\/pages\/733","targetHints":{"allow":["GET"]}}],"collection":[{"href":"https:\/\/keskipalokankoulu.net\/ops\/wp-json\/wp\/v2\/pages"}],"about":[{"href":"https:\/\/keskipalokankoulu.net\/ops\/wp-json\/wp\/v2\/types\/page"}],"author":[{"embeddable":true,"href":"https:\/\/keskipalokankoulu.net\/ops\/wp-json\/wp\/v2\/users\/2"}],"replies":[{"embeddable":true,"href":"https:\/\/keskipalokankoulu.net\/ops\/wp-json\/wp\/v2\/comments?post=733"}],"version-history":[{"count":3,"href":"https:\/\/keskipalokankoulu.net\/ops\/wp-json\/wp\/v2\/pages\/733\/revisions"}],"predecessor-version":[{"id":737,"href":"https:\/\/keskipalokankoulu.net\/ops\/wp-json\/wp\/v2\/pages\/733\/revisions\/737"}],"wp:attachment":[{"href":"https:\/\/keskipalokankoulu.net\/ops\/wp-json\/wp\/v2\/media?parent=733"}],"curies":[{"name":"wp","href":"https:\/\/api.w.org\/{rel}","templated":true}]}}