{"id":656,"date":"2018-10-21T08:34:21","date_gmt":"2018-10-21T08:34:21","guid":{"rendered":"http:\/\/keskipalokankoulu.net\/ops\/?page_id=656"},"modified":"2018-11-08T13:11:25","modified_gmt":"2018-11-08T13:11:25","slug":"yhdenvertaisuus","status":"publish","type":"page","link":"https:\/\/keskipalokankoulu.net\/ops\/yhdenvertaisuus\/","title":{"rendered":"Yhdenvertaisuus"},"content":{"rendered":"<p>Keltataustainen teksti on osa Jyv\u00e4skyl\u00e4n kaupungin virallisia koulujen j\u00e4rjestyss\u00e4\u00e4nt\u00f6j\u00e4.<\/p>\n<table style=\"background: #ffff66;\" border=\"0\">\n<tbody>\n<tr>\n<td>Oppilaalla on oikeus yhdenvertaiseen ja tasa-arvoiseen kohteluun, oikeus henkil\u00f6kohtaiseen vapauteen ja koskemattomuuteen sek\u00e4 oikeus yksityisel\u00e4m\u00e4n suojaan<br \/>\nKoulussa erilaisilla oppijoilla on tasavertainen asema koskien sukupuolten v\u00e4list\u00e4 tasa-arvoa sek\u00e4 kielellisten, kulttuurillisten ja uskonnollisten v\u00e4hemmist\u00f6jen oikeuksien toteutumista.<\/p>\n<ul>\n<li>oikeus maksuttomaan perusopetukseen<\/li>\n<li>oikeus yhdenvertaiseen ja tasa-arvoiseen kohteluun<\/li>\n<li>oikeus henkil\u00f6kohtaiseen vapauteen ja koskemattomuuteen<\/li>\n<li>oikeus yksityisel\u00e4m\u00e4n suojaan<\/li>\n<li>oikeus saada opetusta kaikkina koulun ty\u00f6p\u00e4ivin\u00e4<\/li>\n<li>oikeus turvalliseen opiskeluun<\/li>\n<\/ul>\n<p>Koulussa jokainen oppija on tasavertaisessa asemassa riippumatta sukupuolesta, kielest\u00e4, kulttuurista ja\u00a0maailman katsomuksestaan.<br \/>\nSeksuaali- ja sukupuoliv\u00e4hemmist\u00f6t huomioidaan\u00a0tasa-arvoisesti.<br \/>\nKoulussa edistet\u00e4\u00e4n\u00a0kulttuurisesti moninaista ilmapiiri\u00e4 ja kulttuurien v\u00e4list\u00e4 yhteisymm\u00e4rryst\u00e4.<br \/>\n<a href=\"https:\/\/www.finlex.fi\/fi\/laki\/ajantasa\/2003\/20030434\" target=\"_blank\" rel=\"noopener\">Hallintolaki<\/a><br \/>\n<a href=\"https:\/\/www.finlex.fi\/fi\/laki\/ajantasa\/1998\/19980628#L7P29\" target=\"_blank\" rel=\"noopener\">Perusopetuslaki 29\u00a7<br \/>\n<\/a><a href=\"http:\/\/www.finlex.fi\/fi\/laki\/alkup\/2014\/20141325#Pidp446270704\" target=\"_blank\" rel=\"noopener\">Yhdenvertaisuuslaki 6 \u00a7<\/a><br \/>\n<a href=\"https:\/\/www.finlex.fi\/fi\/laki\/ajantasa\/1986\/19860609\">Laki naisten ja miesten tasa-arvosta 5 a \u00a7<\/a><a href=\"https:\/\/www.finlex.fi\/fi\/laki\/alkup\/2014\/20141329#Pidp446512848\" target=\"_blank\" rel=\"noopener\"><br \/>\n<\/a><a href=\"https:\/\/www.jyvaskyla.fi\/osallistu\/tyokalut\/yhdenvertaisuus\" target=\"_blank\" rel=\"noopener\">Jyv\u00e4skyl\u00e4n yhdenvertaisuussuunnitelma<\/a>\u00a02017-2020<br \/>\n(sis.tasa-arvosuunnitelman)<\/td>\n<\/tr>\n<\/tbody>\n<\/table>\n","protected":false},"excerpt":{"rendered":"<p>Keltataustainen teksti on osa Jyv\u00e4skyl\u00e4n kaupungin virallisia koulujen j\u00e4rjestyss\u00e4\u00e4nt\u00f6j\u00e4. Oppilaalla on oikeus yhdenvertaiseen ja tasa-arvoiseen kohteluun, oikeus henkil\u00f6kohtaiseen vapauteen ja koskemattomuuteen sek\u00e4 oikeus yksityisel\u00e4m\u00e4n suojaan Koulussa erilaisilla oppijoilla on tasavertainen asema koskien sukupuolten v\u00e4list\u00e4 tasa-arvoa sek\u00e4 kielellisten, kulttuurillisten ja uskonnollisten v\u00e4hemmist\u00f6jen oikeuksien toteutumista. oikeus maksuttomaan perusopetukseen oikeus yhdenvertaiseen ja tasa-arvoiseen kohteluun oikeus henkil\u00f6kohtaiseen vapauteen ja &hellip; <a href=\"https:\/\/keskipalokankoulu.net\/ops\/yhdenvertaisuus\/\" class=\"more-link\">Continue reading <span class=\"screen-reader-text\">Yhdenvertaisuus<\/span> <span class=\"meta-nav\">&rarr;<\/span><\/a><\/p>\n","protected":false},"author":2,"featured_media":0,"parent":0,"menu_order":0,"comment_status":"closed","ping_status":"closed","template":"","meta":{"footnotes":""},"class_list":["post-656","page","type-page","status-publish","hentry"],"_links":{"self":[{"href":"https:\/\/keskipalokankoulu.net\/ops\/wp-json\/wp\/v2\/pages\/656","targetHints":{"allow":["GET"]}}],"collection":[{"href":"https:\/\/keskipalokankoulu.net\/ops\/wp-json\/wp\/v2\/pages"}],"about":[{"href":"https:\/\/keskipalokankoulu.net\/ops\/wp-json\/wp\/v2\/types\/page"}],"author":[{"embeddable":true,"href":"https:\/\/keskipalokankoulu.net\/ops\/wp-json\/wp\/v2\/users\/2"}],"replies":[{"embeddable":true,"href":"https:\/\/keskipalokankoulu.net\/ops\/wp-json\/wp\/v2\/comments?post=656"}],"version-history":[{"count":7,"href":"https:\/\/keskipalokankoulu.net\/ops\/wp-json\/wp\/v2\/pages\/656\/revisions"}],"predecessor-version":[{"id":701,"href":"https:\/\/keskipalokankoulu.net\/ops\/wp-json\/wp\/v2\/pages\/656\/revisions\/701"}],"wp:attachment":[{"href":"https:\/\/keskipalokankoulu.net\/ops\/wp-json\/wp\/v2\/media?parent=656"}],"curies":[{"name":"wp","href":"https:\/\/api.w.org\/{rel}","templated":true}]}}