{"id":211,"date":"2015-10-11T17:40:42","date_gmt":"2015-10-11T17:40:42","guid":{"rendered":"http:\/\/keskipalokankoulu.net\/ops\/?page_id=211"},"modified":"2015-10-11T17:40:42","modified_gmt":"2015-10-11T17:40:42","slug":"kriisisuunnitelma","status":"publish","type":"page","link":"https:\/\/keskipalokankoulu.net\/ops\/kriisisuunnitelma\/","title":{"rendered":"Kriisisuunnitelma"},"content":{"rendered":"<p><b>Kriisisuunnitelmaa tarvitaan siksi, ett\u00e4 poikkeustilanteessa<\/b><\/p>\n<ul>\n<li>tiedet\u00e4\u00e4n, mit\u00e4 pit\u00e4\u00e4 tehd\u00e4<\/li>\n<li>tiedet\u00e4\u00e4n, kuka tekee<\/li>\n<li>tiedet\u00e4\u00e4n, mist\u00e4 saa apua<\/li>\n<\/ul>\n<p><b>Tavoitteena<\/b><\/p>\n<ul>\n<li>auttaa toimimaan kouluyhteis\u00f6\u00e4 kohtaavissa erilaisissa kriisitilanteissa<\/li>\n<li>lievent\u00e4\u00e4 kriisin fyysisi\u00e4 ja psyykkisi\u00e4 haittavaikutuksia<\/li>\n<li>tukea sek\u00e4 oppilaiden ett\u00e4 ty\u00f6ntekij\u00f6iden toipumista<\/li>\n<li>poistaa ja v\u00e4hent\u00e4\u00e4 koulunk\u00e4yntiin liittyvi\u00e4 riskitekij\u00f6it\u00e4<\/li>\n<\/ul>\n<p><b>Keski-Palokan koulun kriisiryhm\u00e4<\/b><\/p>\n<ul>\n<li>rehtori<\/li>\n<li>terveydenhoitaja<\/li>\n<li>koulupsykologi<\/li>\n<li>laaja-alaiset erityisopettajat<\/li>\n<li>asianosainen opettaja\/t<\/li>\n<\/ul>\n<p><b>Kriisiryhm\u00e4n teht\u00e4v\u00e4t<\/b><\/p>\n<p>a) Organisoida toimintaa kriisitilanteissa<\/p>\n<ul>\n<li>informoida kaikkia ty\u00f6ntekij\u00f6it\u00e4 heid\u00e4n teht\u00e4vist\u00e4\u00e4n<\/li>\n<li>arvioida ulkopuolisen avun tarve (kunnan kriisiryhm\u00e4, muu pelastus- ja auttamishenkil\u00f6kunta)<\/li>\n<li>sopia jatkotoimenpiteist\u00e4: p\u00e4iv\u00e4n k\u00e4yt\u00e4nn\u00f6t, paluu normaalirutiiniin, j\u00e4lkipuinti<\/li>\n<li>oman toiminnan arviointi (samana p\u00e4iv\u00e4n\u00e4 ja my\u00f6hemmin, miten toimittiin)<\/li>\n<li>tarvittaessa tiedotus muille vanhemmille<\/li>\n<\/ul>\n<p>b) Kehitt\u00e4\u00e4 kriisitoimintaa<br \/>\nc) Informoida ja j\u00e4rjest\u00e4\u00e4 koulutusta koko henkil\u00f6kunnalle<\/p>\n<p><b>Rehtorin tai kriisiryhm\u00e4n vastaavan teht\u00e4v\u00e4t<\/b><\/p>\n<ul>\n<li>Kutsua kriisiryhm\u00e4 koolle.<\/li>\n<li>Informoida koko henkil\u00f6kuntaa.<\/li>\n<li>Olla yhteydess\u00e4 onnettomuudesta kotiin.<\/li>\n<li>Tukea kouluyhteis\u00f6n toipumista.<\/li>\n<li>Ottaa tarvittaessa yhteys poliisiin.<\/li>\n<li>Vastata tiedottamisesta koulun ulkopuolelle, esim. lehdist\u00f6.<\/li>\n<\/ul>\n<p><b>Keski-Palokan koulun kriisisuunnitelmassa on ohjeet seuraaviin tilanteisiin:<\/b><\/p>\n<ul>\n<li>p\u00e4ihteet koulussa<\/li>\n<li>tapaturmat, onnettomuudet ja kuolemantapaukset<\/li>\n<li>kuolemantapaukset<\/li>\n<li>vakava sairaus<\/li>\n<li>oppilaan tai ty\u00f6ntekij\u00e4n itsemurhan yritys tai itsemurhauhkaukset<\/li>\n<li>kouluv\u00e4kivalta<\/li>\n<li>perhev\u00e4kivalta<\/li>\n<li>lapsen seksuaalinen hyv\u00e4ksik\u00e4ytt\u00f6<\/li>\n<li>lastensuojeluilmoituksen tekeminen<\/li>\n<\/ul>\n<p>Linkitetyist\u00e4 otsikoista ohjeet ovat luettavissa t\u00e4ll\u00e4 sivulla<\/p>\n<h3>P\u00e4ihde- ja huume-ep\u00e4ilyjen toimintamalli (Palokan koulujen yhteistoimintasuunnitelman mukaan)<\/h3>\n<p><b>Oppilas p\u00e4ihtyneen\u00e4 koulussa<\/b><\/p>\n<ul>\n<li>Jos ep\u00e4ilee oppilaan olevan koulussa p\u00e4ihtyneen\u00e4, t\u00e4ytyy ottaa yhteys rehtoriin, terveydenhoitajaan, opinto-ohjaajaan tai erityisopettajaan<\/li>\n<li>T\u00e4rkeint\u00e4 on saada oppilas hoitoon.<\/li>\n<li>Oppilaan huoltajaan otetaan heti yhteys ja mahdollisuuksien mukaan huoltaja hakee oppilaan koulusta ja vie tarvittaessa hoitoon.<\/li>\n<li>Jos huoltajaa ei tavoiteta, otetaan yhteys sosiaality\u00f6ntekij\u00e4\u00e4n ja oppilas toimitetaan saattajan kanssa tarvittaessa l\u00e4himm\u00e4lle terveysasemalle hoitoon.<\/li>\n<li>Ep\u00e4selviss\u00e4 tapauksissa huoltajaa kehotetaan viem\u00e4\u00e4n oppilas huumetestiin, verikokeisiin tai puhallutettavaksi.<\/li>\n<li>Lastensuojeluilmoitus on p\u00e4ihdetilanteissa aina teht\u00e4v\u00e4!<\/li>\n<li>Oppilashuoltoryhm\u00e4 selvitt\u00e4\u00e4 toimenpiteet oppilaan auttamiseksi.<\/li>\n<\/ul>\n<p><b>Oppilaalta l\u00f6ydet\u00e4\u00e4n p\u00e4ihteit\u00e4<\/b><\/p>\n<ul>\n<li>Aineet takavarikoidaan ja laitetaan koulun kassakaappiin oppilaan ja rehtorin\/toisen opettajan l\u00e4sn\u00e4 ollessa.<\/li>\n<li>Oppilaan huoltajalle ilmoitetaan tapahtuneesta.<\/li>\n<li>Huoltaja tulee mahdollisuuksien mukaan heti koululle.<\/li>\n<li>Poliisille ilmoitetaan tapahtuneesta ja my\u00f6hemmin oppilas itse kaataa poliisin ja rehtorin\/opettajan l\u00e4sn\u00e4 ollessa v\u00e4kijuomat viem\u00e4riin. Huumeet j\u00e4\u00e4v\u00e4t poliisin haltuun.<\/li>\n<li>Sosiaaliviranomaisille ilmoitetaan tapahtuneesta.<\/li>\n<\/ul>\n","protected":false},"excerpt":{"rendered":"<p>Kriisisuunnitelmaa tarvitaan siksi, ett\u00e4 poikkeustilanteessa tiedet\u00e4\u00e4n, mit\u00e4 pit\u00e4\u00e4 tehd\u00e4 tiedet\u00e4\u00e4n, kuka tekee tiedet\u00e4\u00e4n, mist\u00e4 saa apua Tavoitteena auttaa toimimaan kouluyhteis\u00f6\u00e4 kohtaavissa erilaisissa kriisitilanteissa lievent\u00e4\u00e4 kriisin fyysisi\u00e4 ja psyykkisi\u00e4 haittavaikutuksia tukea sek\u00e4 oppilaiden ett\u00e4 ty\u00f6ntekij\u00f6iden toipumista poistaa ja v\u00e4hent\u00e4\u00e4 koulunk\u00e4yntiin liittyvi\u00e4 riskitekij\u00f6it\u00e4 Keski-Palokan koulun kriisiryhm\u00e4 rehtori terveydenhoitaja koulupsykologi laaja-alaiset erityisopettajat asianosainen opettaja\/t Kriisiryhm\u00e4n teht\u00e4v\u00e4t a) Organisoida &hellip; <a href=\"https:\/\/keskipalokankoulu.net\/ops\/kriisisuunnitelma\/\" class=\"more-link\">Continue reading <span class=\"screen-reader-text\">Kriisisuunnitelma<\/span> <span class=\"meta-nav\">&rarr;<\/span><\/a><\/p>\n","protected":false},"author":2,"featured_media":0,"parent":0,"menu_order":0,"comment_status":"closed","ping_status":"closed","template":"","meta":{"footnotes":""},"class_list":["post-211","page","type-page","status-publish","hentry"],"_links":{"self":[{"href":"https:\/\/keskipalokankoulu.net\/ops\/wp-json\/wp\/v2\/pages\/211","targetHints":{"allow":["GET"]}}],"collection":[{"href":"https:\/\/keskipalokankoulu.net\/ops\/wp-json\/wp\/v2\/pages"}],"about":[{"href":"https:\/\/keskipalokankoulu.net\/ops\/wp-json\/wp\/v2\/types\/page"}],"author":[{"embeddable":true,"href":"https:\/\/keskipalokankoulu.net\/ops\/wp-json\/wp\/v2\/users\/2"}],"replies":[{"embeddable":true,"href":"https:\/\/keskipalokankoulu.net\/ops\/wp-json\/wp\/v2\/comments?post=211"}],"version-history":[{"count":1,"href":"https:\/\/keskipalokankoulu.net\/ops\/wp-json\/wp\/v2\/pages\/211\/revisions"}],"predecessor-version":[{"id":212,"href":"https:\/\/keskipalokankoulu.net\/ops\/wp-json\/wp\/v2\/pages\/211\/revisions\/212"}],"wp:attachment":[{"href":"https:\/\/keskipalokankoulu.net\/ops\/wp-json\/wp\/v2\/media?parent=211"}],"curies":[{"name":"wp","href":"https:\/\/api.w.org\/{rel}","templated":true}]}}