{"id":203,"date":"2015-10-11T17:11:37","date_gmt":"2015-10-11T17:11:37","guid":{"rendered":"http:\/\/keskipalokankoulu.net\/ops\/?page_id=203"},"modified":"2015-10-11T17:13:29","modified_gmt":"2015-10-11T17:13:29","slug":"palaute-koulun-toiminnasta","status":"publish","type":"page","link":"https:\/\/keskipalokankoulu.net\/ops\/palaute-koulun-toiminnasta\/","title":{"rendered":"Palaute koulun toiminnasta"},"content":{"rendered":"<p>Palautteen saaminen ja hy\u00f6dynt\u00e4minen on keskeist\u00e4<b> koulun kehitt\u00e4misty\u00f6ss\u00e4<\/b>. Monet uudistukset ovat syntyneet esim.\u00a0 vanhempien antaman palautteen perusteella. Haluamme rohkaista vanhempia antamaan palautetta koulumme toiminnasta.<\/p>\n<p>Luontevia palautekanavia ovat esim. <b>arviointikeskustelut, vanhempainillat, reissuvihko, <a href=\"https:\/\/wilma.jkl.fi\/\">Wilma-j\u00e4rjestelm\u00e4<\/a> sek\u00e4 muu yhteydenotto opettajaan tai rehtoriin.<\/b> Suureen osaan koulun <b>tiedotteista\u00a0<\/b>liitet\u00e4\u00e4n my\u00f6s palauteosa. Vanhempainyhdistys on my\u00f6s hyv\u00e4 kanava antaa palautetta koulun toiminnasta.<\/p>\n<p>Haluamme kasvattaa oppilaita siihen, ett\u00e4 osaisimme <b>selvitt\u00e4\u00e4 erimielisyydet suoraan asianomaisten v\u00e4lill\u00e4<\/b>. T\u00e4h\u00e4n haluamme rohkaista my\u00f6s koteja. Teemme kouluna ja ty\u00f6ntekij\u00f6in\u00e4 virheit\u00e4 ja haluamme my\u00f6s oppia niist\u00e4 ja kehitt\u00e4\u00e4 sit\u00e4 kautta toimintaamme.<\/p>\n<p>Mik\u00e4li huoltaja on tyytym\u00e4t\u00f6n yksitt\u00e4isen koulun ty\u00f6ntekij\u00e4n toimintaan, on suositeltavaa ensin keskustella kyseisen ty\u00f6ntekij\u00e4n kanssa asiasta. Mik\u00e4li asia ei ratkea tai jostakin syyst\u00e4 asiaa on vaikeaa ottaa esiin ty\u00f6ntekij\u00e4n kanssa, kannattaa ottaa yhteytt\u00e4 <b>koulun toiminnasta vastaavaan rehtoriin<\/b>.<\/p>\n<p>Jos erimielisyys ei ratkea n\u00e4ill\u00e4 tavoilla tai huoltaja on tyytym\u00e4t\u00f6n rehtorin tekem\u00e4\u00e4n viranhaltijap\u00e4\u00e4t\u00f6kseen tms., kannattaa ottaa yhteytt\u00e4 <b>palvelujohtajaan<\/b> ja tarvittaessa t\u00e4m\u00e4n j\u00e4lkeen kirjallisesti\u00a0<b>sivistyslautakuntaan tai hallinto-oikeuteen <\/b>(valitusosoitus on p\u00e4\u00e4t\u00f6ksess\u00e4 mukana).<\/p>\n<p>Mik\u00e4li kysymys on periaatteellisesta, koulun toimintatapoihin liittyv\u00e4st\u00e4 asiasta, huoltaja voi pyyt\u00e4\u00e4 luokan vanhempainyhdistysedustajaa tai vanhempainyhdistyksen puheenjohtajaa ottamaan asian keskusteluun\u00a0<b>vanhempainyhdistyksen<\/b> kokouksessa.\u00a0Kokouksessa on aina l\u00e4sn\u00e4 vanhempien lis\u00e4ksi rehtori (tai vararehtori) ja opettajia. Monet merkitt\u00e4v\u00e4t uudistukset koulun toiminnassa ovat syntyneet vanhempainyhdistyksen kautta.<\/p>\n<p>Merkitt\u00e4v\u00e4ss\u00e4 asiassa (rikosep\u00e4ily tms.), on syyt\u00e4 ottaa yhteytt\u00e4 suoraan <b>poliisiin<\/b> sek\u00e4 koulun rehtoriin (asian koskiessa rehtoria opetusjohtajaan).\u00a0Koulun toimintaa valvoo my\u00f6s <b>Aluehallintovirasto,<\/b> johon voi ottaa my\u00f6s tarvittaessa yhteytt\u00e4.<\/p>\n","protected":false},"excerpt":{"rendered":"<p>Palautteen saaminen ja hy\u00f6dynt\u00e4minen on keskeist\u00e4 koulun kehitt\u00e4misty\u00f6ss\u00e4. Monet uudistukset ovat syntyneet esim.\u00a0 vanhempien antaman palautteen perusteella. Haluamme rohkaista vanhempia antamaan palautetta koulumme toiminnasta. Luontevia palautekanavia ovat esim. arviointikeskustelut, vanhempainillat, reissuvihko, Wilma-j\u00e4rjestelm\u00e4 sek\u00e4 muu yhteydenotto opettajaan tai rehtoriin. Suureen osaan koulun tiedotteista\u00a0liitet\u00e4\u00e4n my\u00f6s palauteosa. Vanhempainyhdistys on my\u00f6s hyv\u00e4 kanava antaa palautetta koulun toiminnasta. Haluamme kasvattaa &hellip; <a href=\"https:\/\/keskipalokankoulu.net\/ops\/palaute-koulun-toiminnasta\/\" class=\"more-link\">Continue reading <span class=\"screen-reader-text\">Palaute koulun toiminnasta<\/span> <span class=\"meta-nav\">&rarr;<\/span><\/a><\/p>\n","protected":false},"author":2,"featured_media":0,"parent":0,"menu_order":0,"comment_status":"closed","ping_status":"closed","template":"","meta":{"footnotes":""},"class_list":["post-203","page","type-page","status-publish","hentry"],"_links":{"self":[{"href":"https:\/\/keskipalokankoulu.net\/ops\/wp-json\/wp\/v2\/pages\/203","targetHints":{"allow":["GET"]}}],"collection":[{"href":"https:\/\/keskipalokankoulu.net\/ops\/wp-json\/wp\/v2\/pages"}],"about":[{"href":"https:\/\/keskipalokankoulu.net\/ops\/wp-json\/wp\/v2\/types\/page"}],"author":[{"embeddable":true,"href":"https:\/\/keskipalokankoulu.net\/ops\/wp-json\/wp\/v2\/users\/2"}],"replies":[{"embeddable":true,"href":"https:\/\/keskipalokankoulu.net\/ops\/wp-json\/wp\/v2\/comments?post=203"}],"version-history":[{"count":2,"href":"https:\/\/keskipalokankoulu.net\/ops\/wp-json\/wp\/v2\/pages\/203\/revisions"}],"predecessor-version":[{"id":206,"href":"https:\/\/keskipalokankoulu.net\/ops\/wp-json\/wp\/v2\/pages\/203\/revisions\/206"}],"wp:attachment":[{"href":"https:\/\/keskipalokankoulu.net\/ops\/wp-json\/wp\/v2\/media?parent=203"}],"curies":[{"name":"wp","href":"https:\/\/api.w.org\/{rel}","templated":true}]}}