{"id":160,"date":"2015-10-11T16:40:26","date_gmt":"2015-10-11T16:40:26","guid":{"rendered":"http:\/\/keskipalokankoulu.net\/ops\/?page_id=160"},"modified":"2025-10-23T07:50:47","modified_gmt":"2025-10-23T07:50:47","slug":"tyoskenteleminen","status":"publish","type":"page","link":"https:\/\/keskipalokankoulu.net\/ops\/tyoskenteleminen\/","title":{"rendered":"Velvollisuus osallistua opetukseen ja poissaolot"},"content":{"rendered":"<p>Keltataustainen teksti on osa Jyv\u00e4skyl\u00e4n kaupungin virallisia koulujen j\u00e4rjestyss\u00e4\u00e4nt\u00f6j\u00e4.<\/p>\n<table style=\"background: #ffff66;\" border=\"1\">\n<tbody>\n<tr>\n<td><b>Oppilaan<\/b>\u00a0vastuu<\/td>\n<td><b>Koulun<\/b>\u00a0vastuu<\/td>\n<td style=\"background: white;\"><b>Kodin (huoltajien)<\/b>\u00a0vastuu<\/td>\n<\/tr>\n<tr>\n<td>\n<ul>\n<li>oppitunnille ajoissa tuleminen<\/li>\n<li>oman ja toisen ty\u00f6n kunnioittaminen<\/li>\n<li>ty\u00f6rauhan antaminen<\/li>\n<li>annetuista teht\u00e4vist\u00e4 huolehtiminen<\/li>\n<li>toisten auttaminen tarvittaessa<\/li>\n<li>omista ja yhteisist\u00e4 ty\u00f6v\u00e4lineist\u00e4 huolehtiminen<\/li>\n<\/ul>\n<\/td>\n<td>\n<ul>\n<li>ty\u00f6rauhasta ja turvallisuudesta huolehtiminen opetustilanteessa<\/li>\n<li>ty\u00f6skentelytaitojen opettaminen<\/li>\n<li>velvollisuus antaa riitt\u00e4v\u00e4\u00e4 tukea<\/li>\n<li>yhteydenpito kotiin<\/li>\n<\/ul>\n<\/td>\n<td style=\"background: white;\">\n<ul>\n<li>kouluty\u00f6n tukeminen<\/li>\n<li>yhteisen ratkaisun l\u00f6yt\u00e4minen ja sen tukeminen ongelmatilanteissa; esim. osallistuminen tarvittaessa oppilashuoltoryhm\u00e4n kokoukseen, osallistuminen oppitunnille<\/li>\n<\/ul>\n<\/td>\n<\/tr>\n<\/tbody>\n<\/table>\n<h4>Poissaolot<\/h4>\n<table style=\"background: #ffff66;\" border=\"1\">\n<tbody>\n<tr>\n<td><b>Oppilaan\u00a0<\/b>vastuu<\/td>\n<td><b>Koulun<\/b>\u00a0vastuu<\/td>\n<td style=\"background: white;\"><b>Kodin (huoltajien)<\/b>\u00a0vastuu<\/td>\n<\/tr>\n<tr>\n<td>\n<ul>\n<li>pyrkii aktiivisesti selvitt\u00e4m\u00e4\u00e4n l\u00e4ksyt poissaolonsa ajalta<\/li>\n<li>huolehtii l\u00e4ksyjen tekemisest\u00e4 vointinsa mukaan<\/li>\n<\/ul>\n<\/td>\n<td>\n<ul>\n<li>poissaolojen seuraaminen<\/li>\n<li>luvattomista poissoloista ilmoittaminen kotiin<\/li>\n<\/ul>\n<\/td>\n<td style=\"background: white;\">\n<ul>\n<li>ilmoittamalla ennakoitavista poissaoloista opettajalle ajoissa (esim. hammasl\u00e4\u00e4k\u00e4riss\u00e4 k\u00e4ynti).<\/li>\n<li>ilmoittamalla sairauspoissaoloista sairastumisp\u00e4iv\u00e4n\u00e4.<\/li>\n<li>anomalla opetuksesta vapautuksen ennakkoon opettajalta ja rehtorilta. Hakemuksen opetuksesta vapauttamiseksi my\u00f6nt\u00e4\u00e4 luokan oma opettaja\/luokan ohjaaja 0-5 p\u00e4iv\u00e4ksi. Pidemm\u00e4t lomat my\u00f6nt\u00e4\u00e4 rehtori.<br \/>Suositellaan, ett\u00e4 lomat pidet\u00e4\u00e4n koulujen loma-aikoina.<\/li>\n<\/ul>\n<\/td>\n<\/tr>\n<\/tbody>\n<\/table>\n\n\n<p><strong>Oppilaan sairastuessa\u00a0<\/strong>oppilaan huoltaja tekee poissaolomerkinn\u00e4n Wilmaan. Oppilas huolehtii jaksamisensa mukaan kouluteht\u00e4vist\u00e4\u00e4n sairauden aikana. Sairauden j\u00e4lkeen opettaja selvitt\u00e4\u00e4, onko oppilas j\u00e4\u00e4nyt poissaolon vuoksi j\u00e4lkeen opinnoistaan ja sopii tarvittaessa tukiopetuksen j\u00e4rjest\u00e4misest\u00e4. Jos oppilaan poissaolojen yhteism\u00e4\u00e4r\u00e4 ylitt\u00e4\u00e4 viisitoista vuorokautta lukuvuodessa, oppilaan koulunk\u00e4ynnin tilannetta arvioidaan yhdess\u00e4 huoltajan kanssa. Tarvittaessa keskusteluun otetaan mukaan kuraattori tai terveydenhoitaja.<\/p>\n\n\n\n<p><strong>Luvallinen poissaolo:<\/strong>&nbsp;Lomamatkat tulee tehd\u00e4 ensisijaisesti koulun loma-aikoina. Oppilaan huoltaja pyyt\u00e4\u00e4 opettajalta (maksimissaan viisi p\u00e4iv\u00e4\u00e4) tai rehtorilta (yli viisi p\u00e4iv\u00e4\u00e4) lupaa poissaoloon ja selvitt\u00e4\u00e4 poissaolon syyn ja ehdottaa korvaavia j\u00e4rjestelyit\u00e4.   Anomuslomake on Wilmassa (lomakkeet-kohdassa) tai saatavissa koulusihteerilt\u00e4.<\/p>\n\n\n\n<p>Oppilas on velvollinen opiskelemaan vapautuksen aikana koulussa opetellut asiat. Oppilas on velvollinen opettajan harkinnan mukaan osallistumaan esim. rinnakkaisluokkien oppitunteihin taito- ja taideaineissa ennen tai j\u00e4lkeen vapautusta. Oppilaalle sovitaan ylim\u00e4\u00e4r\u00e4isi\u00e4 taito- ja taideaineiden oppitunteja ainakin silloin, kun oppilas on ollut lomamatkoilla lukuvuoden aikana yli viisi vuorokautta.<\/p>\n\n\n\n<p>Nykyisen opetussuunnitelman mukaan&nbsp;opettaja m\u00e4\u00e4ritt\u00e4\u00e4 ty\u00f6tavat vuorovaikutuksessa oppilaiden kanssa. Ty\u00f6tavoissa pyrit\u00e4\u00e4n yht\u00e4 enemm\u00e4n&nbsp;monipuolisuuteen&nbsp;(ryhm\u00e4ty\u00f6t, esitykset, tarkkailuteht\u00e4v\u00e4t jne). Monista&nbsp;oppikirjoista puuttuu jopa puolet niist\u00e4 oppiaineen sis\u00e4ll\u00f6ist\u00e4, jotka Jyv\u00e4skyl\u00e4n kaupungin opetussuunnitelma sijoittaa ko. vuosiluokalle. Vastaavasti kirjoissa on sis\u00e4lt\u00f6j\u00e4, joita ei kyseisell\u00e4 vuosiluokalla opiskella. Lis\u00e4ksi yh\u00e4 suurempi osa opiskelusta tapahtuu&nbsp;oppiainerajat ylitt\u00e4vin\u00e4 kokonaisuuksina.&nbsp;<\/p>\n\n\n\n<p>Moni perhe toivoisi, ett\u00e4 pystyisi tekem\u00e4\u00e4n opiskeluasiat valmiiksi&nbsp;ennen lomareissua. T\u00e4m\u00e4 on ymm\u00e4rrett\u00e4v\u00e4\u00e4, mutta edell\u00e4 kuvatuista syist\u00e4&nbsp;t\u00e4m\u00e4 ei ole en\u00e4\u00e4 mahdollista&nbsp;kuin korkeintaan taito- ja taideaineissa.&nbsp;<strong>Opettaja antaa suuntaviivat opiskelulle<\/strong>&nbsp;(tyyliin \u201dk\u00e4sittelemme prosenttilaskuja, suomalaista mets\u00e4luontoa ja veden kiertokulkua\u201d), mutta&nbsp;vastuu oppimisen ohjaamisesta on loma-aikana ja sen j\u00e4lkeen huoltajalla.<\/p>\n\n\n\n<p>Korvaavat teht\u00e4v\u00e4t voivat olla my\u00f6s sis\u00e4ll\u00f6lt\u00e4\u00e4n erilaisia kuin muun luokan tekem\u00e4t teht\u00e4v\u00e4t. Esimerkiksi lomamatkalla voi olla mielek\u00e4st\u00e4 opiskella \u00e4idinkielt\u00e4 ja vierasta kielt\u00e4 pit\u00e4m\u00e4ll\u00e4 matkap\u00e4iv\u00e4kirjaa. Vapautuksen ajaksi annettujen teht\u00e4v\u00e4t m\u00e4\u00e4ritell\u00e4\u00e4n niin, ett\u00e4 oppilaan ty\u00f6m\u00e4\u00e4r\u00e4 ei ylit\u00e4 suorittamatta j\u00e4\u00e4neiden oppituntien ja kotiteht\u00e4vien m\u00e4\u00e4r\u00e4\u00e4.<\/p>\n\n\n\n<p>Erillisten&nbsp;<strong>teht\u00e4vien ym. kontrollointi loman j\u00e4lkeen kuuluu huoltajille<\/strong>.&nbsp;<strong>Opettaja taas arvioi oppimisen osana normaalia oppimisen arviointia.<\/strong><\/p>\n\n\n\n<p>Huoltaja vastaa siit\u00e4, ett\u00e4 luvanvarainen poissaolo ei aiheuta tarvetta ylim\u00e4\u00e4r\u00e4isille tukitoimille koulunk\u00e4ynnin j\u00e4rjest\u00e4misess\u00e4.Lomamatkaa varten my\u00f6nnetty vapautus ei saa aiheuttaa tukiopetus- tai erityisopetustarvetta. Lomamatkan suhteen on t\u00e4rke\u00e4\u00e4, ett\u00e4 huoltajat valmentavat oppilasta ennen matkaa havaintojen tekemiseen niin, ett\u00e4 h\u00e4n saa matkasta mahdollisimman paljon h\u00e4nt\u00e4 hy\u00f6dytt\u00e4vi\u00e4 kokemuksia ja el\u00e4myksi\u00e4.<\/p>\n\n\n\n<p><strong>Poissaolo kouluty\u00f6st\u00e4 koulun edustajana<\/strong>&nbsp;(esim. oppilasurheilukilpailut, oppilaskuntaty\u00f6, p\u00e4\u00e4sykokeet )<br>Oppilas on velvollinen ilmoittamaan luokanopettajalle tulevasta poissaolosta heti, kun se on tiedossa. Oppilaan tulee selvitt\u00e4\u00e4 poissaolonsa aikana tehdyt teht\u00e4v\u00e4t ja kyseisen p\u00e4iv\u00e4n kotil\u00e4ksyt, joko etuk\u00e4teen tai edustusp\u00e4iv\u00e4n j\u00e4lkeen ja huolehtia niist\u00e4 luokan-\/aineenopettajan kanssa sovitulla tavalla.<\/p>\n\n\n\n<p><strong>Luvaton poissaolo<\/strong>: Mik\u00e4li oppilas on poissa koulusta, eik\u00e4 huoltaja ota yhteytt\u00e4 kouluun ensimm\u00e4isen\u00e4 poissaolop\u00e4iv\u00e4n\u00e4, opettaja ottaa yhteytt\u00e4 huoltajaan. Opettaja arvioi tilanteen kokonaisuudesta k\u00e4sin sen, mink\u00e4laiset seuraamukset poissaolosta oppilaalle tulee sek\u00e4 miten v\u00e4liin j\u00e4\u00e4neet oppitunnit suoritetaan. Mik\u00e4li luvattomat poissaolot toistuvat usein, asian k\u00e4sittelyyn tulee mukaan koulukuraattori. Toistuva&nbsp;<strong>my\u00f6h\u00e4stely<\/strong>on my\u00f6s luvatonta poissaoloa.<\/p>\n\n\n\n<p><strong>Jyv\u00e4skyl\u00e4n perusopetuksen kouluilla otettiin k\u00e4ytt\u00f6\u00f6n poissaoloihin puuttumisen toimintamalli 1.8.2021. <\/strong>Mallin tavoitteena on ennaltaehk\u00e4ist\u00e4 koulupoissaoloja, tukea kouluun kiinnittymist\u00e4 ja tehostaa varhaista puuttumista poissaoloihin siten, ett\u00e4 koulupudokkuuden riski v\u00e4henee. Ennaltaehk\u00e4isev\u00e4 toiminta tukee oppilaiden osallisuutta, yhteis\u00f6llisyytt\u00e4 ja hyvinvointia. Kouluun kiinnittymist\u00e4 tuetaan l\u00e4pi lukuvuoden jatkuvalla ryhm\u00e4ytymisell\u00e4, tunne- ja vuorovaikutustaitojen vahvistamisella, oppilaan yksil\u00f6llisell\u00e4 kohtaamisella sek\u00e4 positiivisen palautteen antamisella.<\/p>\n\n\n\n<figure class=\"wp-block-image size-large\"><img loading=\"lazy\" decoding=\"async\" width=\"1024\" height=\"576\" src=\"https:\/\/keskipalokankoulu.net\/ops\/wp-content\/uploads\/2025\/09\/Poissaolomalli-rajat-1024x576.png\" alt=\"\" class=\"wp-image-1326\" srcset=\"https:\/\/keskipalokankoulu.net\/ops\/wp-content\/uploads\/2025\/09\/Poissaolomalli-rajat-1024x576.png 1024w, https:\/\/keskipalokankoulu.net\/ops\/wp-content\/uploads\/2025\/09\/Poissaolomalli-rajat-300x169.png 300w, https:\/\/keskipalokankoulu.net\/ops\/wp-content\/uploads\/2025\/09\/Poissaolomalli-rajat-768x432.png 768w, https:\/\/keskipalokankoulu.net\/ops\/wp-content\/uploads\/2025\/09\/Poissaolomalli-rajat-1536x865.png 1536w, https:\/\/keskipalokankoulu.net\/ops\/wp-content\/uploads\/2025\/09\/Poissaolomalli-rajat.png 1826w\" sizes=\"auto, (max-width: 1024px) 100vw, 1024px\" \/><\/figure>\n\n\n\n<figure class=\"wp-block-image size-large\"><a href=\"https:\/\/keskipalokankoulu.net\/ops\/wp-content\/uploads\/2025\/09\/poissaolomalli-lukukausi.png\"><img loading=\"lazy\" decoding=\"async\" width=\"1024\" height=\"573\" src=\"https:\/\/keskipalokankoulu.net\/ops\/wp-content\/uploads\/2025\/09\/poissaolomalli-lukukausi-1024x573.png\" alt=\"\" class=\"wp-image-1328\" srcset=\"https:\/\/keskipalokankoulu.net\/ops\/wp-content\/uploads\/2025\/09\/poissaolomalli-lukukausi-1024x573.png 1024w, https:\/\/keskipalokankoulu.net\/ops\/wp-content\/uploads\/2025\/09\/poissaolomalli-lukukausi-300x168.png 300w, https:\/\/keskipalokankoulu.net\/ops\/wp-content\/uploads\/2025\/09\/poissaolomalli-lukukausi-768x430.png 768w, https:\/\/keskipalokankoulu.net\/ops\/wp-content\/uploads\/2025\/09\/poissaolomalli-lukukausi-1536x859.png 1536w, https:\/\/keskipalokankoulu.net\/ops\/wp-content\/uploads\/2025\/09\/poissaolomalli-lukukausi.png 1900w\" sizes=\"auto, (max-width: 1024px) 100vw, 1024px\" \/><\/a><\/figure>\n\n\n\n<figure class=\"wp-block-image size-large\"><a href=\"https:\/\/keskipalokankoulu.net\/ops\/wp-content\/uploads\/2025\/09\/Poissaolomalli-lukuvuosi.png\"><img loading=\"lazy\" decoding=\"async\" width=\"1024\" height=\"570\" src=\"https:\/\/keskipalokankoulu.net\/ops\/wp-content\/uploads\/2025\/09\/Poissaolomalli-lukuvuosi-1024x570.png\" alt=\"\" class=\"wp-image-1329\" srcset=\"https:\/\/keskipalokankoulu.net\/ops\/wp-content\/uploads\/2025\/09\/Poissaolomalli-lukuvuosi-1024x570.png 1024w, https:\/\/keskipalokankoulu.net\/ops\/wp-content\/uploads\/2025\/09\/Poissaolomalli-lukuvuosi-300x167.png 300w, https:\/\/keskipalokankoulu.net\/ops\/wp-content\/uploads\/2025\/09\/Poissaolomalli-lukuvuosi-768x428.png 768w, https:\/\/keskipalokankoulu.net\/ops\/wp-content\/uploads\/2025\/09\/Poissaolomalli-lukuvuosi-1536x856.png 1536w, https:\/\/keskipalokankoulu.net\/ops\/wp-content\/uploads\/2025\/09\/Poissaolomalli-lukuvuosi.png 1887w\" sizes=\"auto, (max-width: 1024px) 100vw, 1024px\" \/><\/a><\/figure>\n","protected":false},"excerpt":{"rendered":"<p>Keltataustainen teksti on osa Jyv\u00e4skyl\u00e4n kaupungin virallisia koulujen j\u00e4rjestyss\u00e4\u00e4nt\u00f6j\u00e4. Oppilaan\u00a0vastuu Koulun\u00a0vastuu Kodin (huoltajien)\u00a0vastuu oppitunnille ajoissa tuleminen oman ja toisen ty\u00f6n kunnioittaminen ty\u00f6rauhan antaminen annetuista teht\u00e4vist\u00e4 huolehtiminen toisten auttaminen tarvittaessa omista ja yhteisist\u00e4 ty\u00f6v\u00e4lineist\u00e4 huolehtiminen ty\u00f6rauhasta ja turvallisuudesta huolehtiminen opetustilanteessa ty\u00f6skentelytaitojen opettaminen velvollisuus antaa riitt\u00e4v\u00e4\u00e4 tukea yhteydenpito kotiin kouluty\u00f6n tukeminen yhteisen ratkaisun l\u00f6yt\u00e4minen ja sen tukeminen &hellip; <a href=\"https:\/\/keskipalokankoulu.net\/ops\/tyoskenteleminen\/\" class=\"more-link\">Continue reading <span class=\"screen-reader-text\">Velvollisuus osallistua opetukseen ja poissaolot<\/span> <span class=\"meta-nav\">&rarr;<\/span><\/a><\/p>\n","protected":false},"author":2,"featured_media":0,"parent":0,"menu_order":0,"comment_status":"closed","ping_status":"closed","template":"","meta":{"footnotes":""},"class_list":["post-160","page","type-page","status-publish","hentry"],"_links":{"self":[{"href":"https:\/\/keskipalokankoulu.net\/ops\/wp-json\/wp\/v2\/pages\/160","targetHints":{"allow":["GET"]}}],"collection":[{"href":"https:\/\/keskipalokankoulu.net\/ops\/wp-json\/wp\/v2\/pages"}],"about":[{"href":"https:\/\/keskipalokankoulu.net\/ops\/wp-json\/wp\/v2\/types\/page"}],"author":[{"embeddable":true,"href":"https:\/\/keskipalokankoulu.net\/ops\/wp-json\/wp\/v2\/users\/2"}],"replies":[{"embeddable":true,"href":"https:\/\/keskipalokankoulu.net\/ops\/wp-json\/wp\/v2\/comments?post=160"}],"version-history":[{"count":14,"href":"https:\/\/keskipalokankoulu.net\/ops\/wp-json\/wp\/v2\/pages\/160\/revisions"}],"predecessor-version":[{"id":1352,"href":"https:\/\/keskipalokankoulu.net\/ops\/wp-json\/wp\/v2\/pages\/160\/revisions\/1352"}],"wp:attachment":[{"href":"https:\/\/keskipalokankoulu.net\/ops\/wp-json\/wp\/v2\/media?parent=160"}],"curies":[{"name":"wp","href":"https:\/\/api.w.org\/{rel}","templated":true}]}}