{"id":117,"date":"2015-10-11T16:02:46","date_gmt":"2015-10-11T16:02:46","guid":{"rendered":"http:\/\/keskipalokankoulu.net\/ops\/?page_id=117"},"modified":"2025-09-22T11:33:12","modified_gmt":"2025-09-22T11:33:12","slug":"ruokailu","status":"publish","type":"page","link":"https:\/\/keskipalokankoulu.net\/ops\/ruokailu\/","title":{"rendered":"Ruokailu"},"content":{"rendered":"<p>Kouluruokailun koulussamme j\u00e4rjest\u00e4\u00e4 Jyv\u00e4skyl\u00e4n kaupungin ruokapalvelu<b> <a href=\"https:\/\/www.jyvaskyla.fi\/kylan-kattaus\">Kyl\u00e4n kattaus<\/a>. <\/b>Koulujen ruokapalveluista vastaa Sanna Valkonen <a href=\"mailto:(etunimi.sukunimi@jyvaskyla.fi\">(etunimi.sukunimi@jyvaskyla.fi<\/a>), puh. 050 311 8712.<\/p>\n<p>Ruoka valmistetaan <b>Palokan keskuskeitti\u00f6ss\u00e4<\/b> <span data-teams=\"true\">(050 5732766)<\/span>. Ruoka kuljetetaan l\u00e4mpim\u00e4n\u00e4 kouluumme.<\/p>\n<p>Koulussamme on <b>jakelukeitti\u00f6<\/b>, jossa ruoka laitetaan tarjolle. Koulussamme ruokailusta vastaa ruokapalveluvastaava Heidi Laakkonen (040-8331576).<\/p>\n<p>Mik\u00e4li oppilas tarvitsee <b>erikoisruokavaliota<\/b>, huoltajan tulee toimittaa <a href=\"https:\/\/www.jyvaskyla.fi\/sites\/default\/files\/2023-12\/Erityisruokavaliolomake_1.pdf\">ilmoitus erityisruokavaliosta<\/a> ruokapalveluvastaavalle. Huoltajan tulee my\u00f6s muistaa kertoa erikoisruokavaliossa tapahtuvista muutoksista.<\/p>\n<p><a href=\"https:\/\/www.jyvaskyla.fi\/kylan-kattaus\/ruokalistat\">Ruokalista <\/a>l\u00f6ytyy <a href=\"https:\/\/www.jyvaskyla.fi\/kylan-kattaus\">Kyl\u00e4n kattauksen <\/a>sivulta.<\/p>\n<p><a href=\"http:\/\/keskipalokankoulu.net\/ops\/ruokailu-2\/\">Ruokailuun liittyv\u00e4t k\u00e4yt\u00e4nn\u00f6t ja vastuut<\/a><\/p>\n<p><b>V\u00e4lipala<\/b><\/p>\n<p>Kyl\u00e4n Kattauksella on koululla <b>maksullinen v\u00e4lipalatarjoilu <\/b>p\u00e4ivitt\u00e4in. V\u00e4lipala tarjotaan klo <b>13.00 &#8211; 13.15 -v\u00e4lisell\u00e4 v\u00e4litunnilla.<\/b> V\u00e4lipala tarjoillaan ruokasalissa.<\/p>\n","protected":false},"excerpt":{"rendered":"<p>Kouluruokailun koulussamme j\u00e4rjest\u00e4\u00e4 Jyv\u00e4skyl\u00e4n kaupungin ruokapalvelu Kyl\u00e4n kattaus. Koulujen ruokapalveluista vastaa Sanna Valkonen (etunimi.sukunimi@jyvaskyla.fi), puh. 050 311 8712. Ruoka valmistetaan Palokan keskuskeitti\u00f6ss\u00e4 (050 5732766). Ruoka kuljetetaan l\u00e4mpim\u00e4n\u00e4 kouluumme. Koulussamme on jakelukeitti\u00f6, jossa ruoka laitetaan tarjolle. Koulussamme ruokailusta vastaa ruokapalveluvastaava Heidi Laakkonen (040-8331576). Mik\u00e4li oppilas tarvitsee erikoisruokavaliota, huoltajan tulee toimittaa ilmoitus erityisruokavaliosta ruokapalveluvastaavalle. Huoltajan tulee my\u00f6s &hellip; <a href=\"https:\/\/keskipalokankoulu.net\/ops\/ruokailu\/\" class=\"more-link\">Continue reading <span class=\"screen-reader-text\">Ruokailu<\/span> <span class=\"meta-nav\">&rarr;<\/span><\/a><\/p>\n","protected":false},"author":2,"featured_media":0,"parent":0,"menu_order":0,"comment_status":"closed","ping_status":"closed","template":"","meta":{"footnotes":""},"class_list":["post-117","page","type-page","status-publish","hentry"],"_links":{"self":[{"href":"https:\/\/keskipalokankoulu.net\/ops\/wp-json\/wp\/v2\/pages\/117","targetHints":{"allow":["GET"]}}],"collection":[{"href":"https:\/\/keskipalokankoulu.net\/ops\/wp-json\/wp\/v2\/pages"}],"about":[{"href":"https:\/\/keskipalokankoulu.net\/ops\/wp-json\/wp\/v2\/types\/page"}],"author":[{"embeddable":true,"href":"https:\/\/keskipalokankoulu.net\/ops\/wp-json\/wp\/v2\/users\/2"}],"replies":[{"embeddable":true,"href":"https:\/\/keskipalokankoulu.net\/ops\/wp-json\/wp\/v2\/comments?post=117"}],"version-history":[{"count":13,"href":"https:\/\/keskipalokankoulu.net\/ops\/wp-json\/wp\/v2\/pages\/117\/revisions"}],"predecessor-version":[{"id":1332,"href":"https:\/\/keskipalokankoulu.net\/ops\/wp-json\/wp\/v2\/pages\/117\/revisions\/1332"}],"wp:attachment":[{"href":"https:\/\/keskipalokankoulu.net\/ops\/wp-json\/wp\/v2\/media?parent=117"}],"curies":[{"name":"wp","href":"https:\/\/api.w.org\/{rel}","templated":true}]}}